{"id":920,"date":"2021-01-28T15:52:38","date_gmt":"2021-01-28T14:52:38","guid":{"rendered":"https:\/\/florian-pleszew.pl\/?page_id=920"},"modified":"2024-08-14T22:12:48","modified_gmt":"2024-08-14T20:12:48","slug":"fundacja-sw-florian-pleszew","status":"publish","type":"page","link":"https:\/\/florian-pleszew.pl\/?page_id=920","title":{"rendered":"Fundacja \u015aw. Florian Pleszew"},"content":{"rendered":"<p><img loading=\"lazy\" decoding=\"async\" class=\"alignnone size-medium wp-image-927\" src=\"https:\/\/florian-pleszew.pl\/wp-content\/uploads\/2021\/01\/Oltarz-MBNP-1-1.jpg\" alt=\"\" width=\"1\" height=\"1\" \/><img loading=\"lazy\" decoding=\"async\" class=\"alignnone size-medium wp-image-725\" src=\"https:\/\/florian-pleszew.pl\/wp-content\/uploads\/2020\/02\/FB_IMG_1582214820551-300x210.jpg\" alt=\"\" width=\"300\" height=\"210\" srcset=\"https:\/\/florian-pleszew.pl\/wp-content\/uploads\/2020\/02\/FB_IMG_1582214820551-300x210.jpg 300w, https:\/\/florian-pleszew.pl\/wp-content\/uploads\/2020\/02\/FB_IMG_1582214820551-768x538.jpg 768w, https:\/\/florian-pleszew.pl\/wp-content\/uploads\/2020\/02\/FB_IMG_1582214820551-1024x717.jpg 1024w, https:\/\/florian-pleszew.pl\/wp-content\/uploads\/2020\/02\/FB_IMG_1582214820551.jpg 1080w\" sizes=\"auto, (max-width: 300px) 100vw, 300px\" \/><\/p>\n<h1><span style=\"color: #ff0000;\">Rozliczaj\u0105c sw\u00f3j podatek, mo\u017cesz nam przekaza\u0107 datek , nic to przecie\u017c nie kosztuje, a Fundacj\u0119 \u015awi\u0119ty Florian podbuduje<\/span><br \/>\n<span style=\"color: #ff0000;\">Tw\u00f3j 1,5 % przeka\u017c nam !<\/span><br \/>\n<span style=\"color: #ff0000;\"><strong>KRS 0000270261 <\/strong><\/span><br \/>\n<span style=\"color: #ff0000;\"><strong>Cel szczeg\u00f3\u0142owy 9503 Fundacja \u015aw. Florian <\/strong><\/span><br \/>\n<span style=\"color: #ff0000;\">Dzi\u0119kujemy ! <span class=\"text_exposed_show\"><br \/>\nPami\u0119tamy o Tobie w modlitwie !<br \/>\nKonto Fundacji \u015aw. Florian Pleszew<br \/>\nBS Pleszew 38 8407 0003 0017 3889 2000 0001<\/span><\/span><\/h1>\n<p><strong>Zarz\u0105d Fundacji<\/strong><\/p>\n<p><strong>Prezes Ks. Kan Krtzysztof Guzia\u0142ek<\/strong><\/p>\n<p><strong>Cz\u0142onek Zarz\u0105du Pan Rafa\u0142 Slebioda<\/strong><\/p>\n<p><strong>Cz\u0142onek Zarz\u0105du Pani Laura Slebioda<br \/>\n<\/strong><\/p>\n<p><strong>Komisja Rewizyjna<\/strong><\/p>\n<p><strong>Zenon Rutkowski<\/strong><\/p>\n<p><strong>\u00a0Leszek Ko\u0142aski <\/strong><\/p>\n<p><strong>Maciej Wasielewski <\/strong><\/p>\n<p><strong>Z\u0142ocenia pokryto z 1% Fundacji m\u0142odzi m\u0142odym &#8211; Fundacja \u015awi\u0119ty Florian 9503\u00a0 &#8211; Dzi\u0119kujemy Ofiarodawcom!<\/strong><\/p>\n<p><a href=\"https:\/\/florian-pleszew.pl\/wp-content\/uploads\/2021\/01\/Oltarz-MBNP--scaled.jpg\"><img loading=\"lazy\" decoding=\"async\" class=\"alignnone size-medium wp-image-926\" src=\"https:\/\/florian-pleszew.pl\/wp-content\/uploads\/2021\/01\/Oltarz-MBNP--225x300.jpg\" alt=\"\" width=\"225\" height=\"300\" srcset=\"https:\/\/florian-pleszew.pl\/wp-content\/uploads\/2021\/01\/Oltarz-MBNP--225x300.jpg 225w, https:\/\/florian-pleszew.pl\/wp-content\/uploads\/2021\/01\/Oltarz-MBNP--768x1024.jpg 768w, https:\/\/florian-pleszew.pl\/wp-content\/uploads\/2021\/01\/Oltarz-MBNP--1152x1536.jpg 1152w, https:\/\/florian-pleszew.pl\/wp-content\/uploads\/2021\/01\/Oltarz-MBNP--1536x2048.jpg 1536w, https:\/\/florian-pleszew.pl\/wp-content\/uploads\/2021\/01\/Oltarz-MBNP--scaled.jpg 1920w\" sizes=\"auto, (max-width: 225px) 100vw, 225px\" \/><\/a><\/p>\n","protected":false},"excerpt":{"rendered":"<p>Rozliczaj\u0105c sw\u00f3j podatek, mo\u017cesz nam przekaza\u0107 datek , nic to przecie\u017c nie kosztuje, a Fundacj\u0119 \u015awi\u0119ty Florian podbuduje Tw\u00f3j 1,5 % przeka\u017c nam ! KRS 0000270261 Cel szczeg\u00f3\u0142owy 9503 Fundacja \u015aw. Florian Dzi\u0119kujemy ! Pami\u0119tamy o Tobie w modlitwie ! Konto Fundacji \u015aw. Florian Pleszew BS Pleszew 38 8407 0003 0017 3889 2000 0001 Zarz\u0105d<a class=\"moretag\" href=\"https:\/\/florian-pleszew.pl\/?page_id=920\"><span class=\"screen-reader-text\">Wi\u0119cej oFundacja \u015aw. Florian Pleszew<\/span>[&#8230;]<\/a><\/p>\n","protected":false},"author":2,"featured_media":0,"parent":0,"menu_order":0,"comment_status":"closed","ping_status":"closed","template":"","meta":{"footnotes":""},"class_list":["post-920","page","type-page","status-publish","hentry"],"_links":{"self":[{"href":"https:\/\/florian-pleszew.pl\/index.php?rest_route=\/wp\/v2\/pages\/920","targetHints":{"allow":["GET"]}}],"collection":[{"href":"https:\/\/florian-pleszew.pl\/index.php?rest_route=\/wp\/v2\/pages"}],"about":[{"href":"https:\/\/florian-pleszew.pl\/index.php?rest_route=\/wp\/v2\/types\/page"}],"author":[{"embeddable":true,"href":"https:\/\/florian-pleszew.pl\/index.php?rest_route=\/wp\/v2\/users\/2"}],"replies":[{"embeddable":true,"href":"https:\/\/florian-pleszew.pl\/index.php?rest_route=%2Fwp%2Fv2%2Fcomments&post=920"}],"version-history":[{"count":12,"href":"https:\/\/florian-pleszew.pl\/index.php?rest_route=\/wp\/v2\/pages\/920\/revisions"}],"predecessor-version":[{"id":1540,"href":"https:\/\/florian-pleszew.pl\/index.php?rest_route=\/wp\/v2\/pages\/920\/revisions\/1540"}],"wp:attachment":[{"href":"https:\/\/florian-pleszew.pl\/index.php?rest_route=%2Fwp%2Fv2%2Fmedia&parent=920"}],"curies":[{"name":"wp","href":"https:\/\/api.w.org\/{rel}","templated":true}]}}

Fundacja Św. Florian Pleszew

<p><img loading="lazy" decoding="async" class="alignnone size-medium wp-image-927" src="https://florian-pleszew.pl/wp-content/uploads/2021/01/Oltarz-MBNP-1-1.jpg" alt="" width="1" height="1" /><img loading="lazy" decoding="async" class="alignnone size-medium wp-image-725" src="https://florian-pleszew.pl/wp-content/uploads/2020/02/FB_IMG_1582214820551-300x210.jpg" alt="" width="300" height="210" srcset="https://florian-pleszew.pl/wp-content/uploads/2020/02/FB_IMG_1582214820551-300x210.jpg 300w, https://florian-pleszew.pl/wp-content/uploads/2020/02/FB_IMG_1582214820551-768x538.jpg 768w, https://florian-pleszew.pl/wp-content/uploads/2020/02/FB_IMG_1582214820551-1024x717.jpg 1024w, https://florian-pleszew.pl/wp-content/uploads/2020/02/FB_IMG_1582214820551.jpg 1080w" sizes="auto, (max-width: 300px) 100vw, 300px" /></p>
<h1><span style="color: #ff0000;">Rozliczając swój podatek, możesz nam przekazać datek , nic to przecież nie kosztuje, a Fundację Święty Florian podbuduje</span><br />
<span style="color: #ff0000;">Twój 1,5 % przekaż nam !</span><br />
<span style="color: #ff0000;"><strong>KRS 0000270261 </strong></span><br />
<span style="color: #ff0000;"><strong>Cel szczegółowy 9503 Fundacja Św. Florian </strong></span><br />
<span style="color: #ff0000;">Dziękujemy ! <span class="text_exposed_show"><br />
Pamiętamy o Tobie w modlitwie !<br />
Konto Fundacji Św. Florian Pleszew<br />
BS Pleszew 38 8407 0003 0017 3889 2000 0001</span></span></h1>
<p><strong>Zarząd Fundacji</strong></p>
<p><strong>Prezes Ks. Kan Krtzysztof Guziałek</strong></p>
<p><strong>Członek Zarządu Pan Rafał Slebioda</strong></p>
<p><strong>Członek Zarządu Pani Laura Slebioda<br />
</strong></p>
<p><strong>Komisja Rewizyjna</strong></p>
<p><strong>Zenon Rutkowski</strong></p>
<p><strong> Leszek Kołaski </strong></p>
<p><strong>Maciej Wasielewski </strong></p>
<p><strong>Złocenia pokryto z 1% Fundacji młodzi młodym &#8211; Fundacja Święty Florian 9503  &#8211; Dziękujemy Ofiarodawcom!</strong></p>
<p><a href="https://florian-pleszew.pl/wp-content/uploads/2021/01/Oltarz-MBNP--scaled.jpg"><img loading="lazy" decoding="async" class="alignnone size-medium wp-image-926" src="https://florian-pleszew.pl/wp-content/uploads/2021/01/Oltarz-MBNP--225x300.jpg" alt="" width="225" height="300" srcset="https://florian-pleszew.pl/wp-content/uploads/2021/01/Oltarz-MBNP--225x300.jpg 225w, https://florian-pleszew.pl/wp-content/uploads/2021/01/Oltarz-MBNP--768x1024.jpg 768w, https://florian-pleszew.pl/wp-content/uploads/2021/01/Oltarz-MBNP--1152x1536.jpg 1152w, https://florian-pleszew.pl/wp-content/uploads/2021/01/Oltarz-MBNP--1536x2048.jpg 1536w, https://florian-pleszew.pl/wp-content/uploads/2021/01/Oltarz-MBNP--scaled.jpg 1920w" sizes="auto, (max-width: 225px) 100vw, 225px" /></a></p>

<p>Rozliczając swój podatek, możesz nam przekazać datek , nic to przecież nie kosztuje, a Fundację Święty Florian podbuduje Twój 1,5 % przekaż nam ! KRS 0000270261 Cel szczegółowy 9503 Fundacja Św. Florian Dziękujemy ! Pamiętamy o Tobie w modlitwie ! Konto Fundacji Św. Florian Pleszew BS Pleszew 38 8407 0003 0017 3889 2000 0001 Zarząd<a class="moretag" href="https://florian-pleszew.pl/?page_id=920"><span class="screen-reader-text">Więcej oFundacja Św. Florian Pleszew</span>[&#8230;]</a></p>
