{"id":912,"date":"2021-01-28T00:14:17","date_gmt":"2021-01-27T23:14:17","guid":{"rendered":"https:\/\/florian-pleszew.pl\/?page_id=912"},"modified":"2021-01-28T22:51:17","modified_gmt":"2021-01-28T21:51:17","slug":"wspolnota-modlitwy-za-kaplanow-margaretki","status":"publish","type":"page","link":"https:\/\/florian-pleszew.pl\/?page_id=912","title":{"rendered":"Wsp\u00f3lnota modlitwy za kap\u0142an\u00f3w &#8211; Apostolat  Margaretka"},"content":{"rendered":"<p>Apostolat\u00a0 Margaretka\u00a0\u00a0 Parafia \u015aw. Florian Pleszew<\/p>\n<p><strong><img loading=\"lazy\" decoding=\"async\" class=\"irc_mi alignleft\" src=\"http:\/\/www.izydormarki.pl\/\/wp-content\/uploads\/2013\/03\/margaretka.jpg\" alt=\"Podobny obraz\" width=\"199\" height=\"199\" \/><\/strong><\/p>\n<p><strong><span style=\"color: #000080;\">\u201ePowiedz moim drogim Kap\u0142anom, moim drogim synom, \u017ce musz\u0105 mocniej uwierzy\u0107 ! Musz\u0105 chroni\u0107 wiar\u0119\u00a0\u00a0 Ko\u015bcio\u0142a\u201e. \u00a0\u00a0\u00a0\u00a0\u00a0\u00a0\u00a0\u00a0\u00a0\u00a0 \u201ePowiedz moim Kap\u0142anom , aby ka\u017cdego dnia modlili si\u0119 na r\u00f3\u017ca\u0144cu&#8221;. \u00a0\u00a0To s\u0142owa Matki Bo\u017cej Kr\u00f3lowej Pokoju, kt\u00f3re skierowa\u0142a do O. Jozo\u00a0 Zovko (by\u0142ego proboszcza par. Medziugorje &#8211; Bo\u015bnia i Hercegowina).<\/span><\/strong><\/p>\n<p>O. Jozo \u00a0przekaza\u0142 s\u0142owa Maryi\u2026, \u017ce \u201eMaryja przekazuj\u0105c powy\u017csze s\u0142owa \u00a0p\u0142aka\u0142a z powodu kap\u0142an\u00f3w, gdy\u017c wielu z nich \u00a0przesta\u0142o wpatrywa\u0107 si\u0119 w \u201eTajemnice Kap\u0142a\u0144stwa \u201d z \u00a0pokor\u0105 pe\u0142n\u0105 podziwu i dzi\u0119kczynienia,\u00a0 \u00a0a wi\u0119c potrzebuj\u0105 \u00a0pomocy modlitewnej Ko\u015bcio\u0142a. \u00a0\u00a0 O. Jozo Zovko wprowadzaj\u0105c nas w Or\u0119dzie Matki Bo\u017cej ukazuje, \u017ce Maryja pragnie, aby wierni mieli poczucie wi\u0119zi i odpowiedzialno\u015bci za swoich\u00a0 Kap\u0142an\u00f3w, przez umocnienie modlitewne, kt\u00f3re jest duchow\u0105 obron\u0105 ich pos\u0142ugi kap\u0142a\u0144skiej. Bez Kap\u0142ana nie ma chrze\u015bcija\u0144skiego &#8211; sakramentalnego \u017cycia i Eucharystii \u2013 Kap\u0142an jest jak Moj\u017cesz \u00a0prowadz\u0105cy lud do Ziemi Obiecanej\u00a0 &#8211; do nieba. \u00a0\u00a0\u00a0 O. Jozo w poczuciu wiary prosi\u0142 \u00a0\u201ePrzyjmijcie zaproszenie Maryi, m\u00f3dlcie si\u0119 za nas, bo jeste\u015bmy s\u0142abi i wprowadzajcie je w \u017cycie, aby Kap\u0142ani byli w centrum waszego \u017cycia, Waszych serc i my\u015bli &#8222;. \u201e Zr\u00f3bcie Margaretk\u0119 dla swoich Kap\u0142an\u00f3w&#8221;.\u00a0\u00a0\u00a0\u00a0\u00a0\u00a0\u00a0\u00a0 Na Or\u0119dzie Maryi i zaproszenie O. Zovko w 1981 r. odpowiedzia\u0142a z wielk\u0105 \u017carliwo\u015bci\u0105 \u00a0p. prof. Louisa Ward z Kanady b\u0119d\u0105ca w\u00f3wczas w \u00a0Medjugorie. \u00a0\u00a0\u00a0\u00a0 W tym samym\u00a0 roku 1981 w\u00a0 Aylmer \u00a0&#8211; Kanada p. Louis Ward zak\u0142ada ruch os\u00f3b modl\u0105cych si\u0119 za kap\u0142an\u00f3w\u00a0 &#8221; Margaretka \u201e\u00a0\u00a0 Nazwa pochodzi od imienia dziewczynki Margaret, kt\u00f3ra swoj\u0105 chorob\u0119 przyj\u0119\u0142a jako powo\u0142anie, ofiaruj\u0105c modlitw\u0119 za ksi\u0119\u017cy. Margaret w wieku 13 lat zarazi\u0142a si\u0119 chorob\u0105 Heine-Medina. Zmar\u0142a w Wielki Pi\u0105tek maj\u0105c 40 lat i a\u017c do \u015bmierci by\u0142a ca\u0142kowicie sparali\u017cowana \u2013 mog\u0142a porusza\u0107 tylko g\u0142ow\u0105. <strong>&#8211;<\/strong> \u00a0P.Louisa \u00a0zna\u0142a osobi\u015bcie\u00a0 Margaret. \u00a0 Istot\u0105 Apostolatu Modlitwy za Kap\u0142an\u00f3w &#8222;Margaretka&#8221; jest codzienna modlitwa za konkretnych Kap\u0142an\u00f3w jako odpowied\u017a na pro\u015bb\u0119 Maryi Kr\u00f3lowej Pokoju.<\/p>\n<p>Margaretka to kwiat o siedmiu listkach , kto pragnie w\u0142\u0105czy\u0107 si\u0119 w ten Modlitewny Ruch otrzymuje symboliczn\u0105 \u00a0\u201eMargaretk\u0119\u201d. \u00a0\u00a0\u00a0\u00a0 W centrum kwiatu wpisuje si\u0119 imi\u0119 i nazwisko Kap\u0142ana, za\u015b na siedmiu\u00a0 p\u0142atkach kwiatu wpisuje si\u0119 nazwiska 7 rodzin czy konkretnych os\u00f3b, \u00a0kt\u00f3re sk\u0142adaj\u0105 przyrzeczenie wieczystej modlitwy w okre\u015blonym dniu tygodnia za konkretnego Kap\u0142ana . \u00a0 Nale\u017cy podkre\u015bli\u0107 , \u017ce 1. Margaretka powsta\u0142a za o. Jozo Zovko\u00a0 w Medjugorie.\u00a0\u00a0\u00a0\u00a0 W Polsce Apostolat \u00a0\u00a0Margaretka \u00a0\u00a0zaistnia\u0142 w 2000 r. jako oddolna inicjatywa os\u00f3b \u015bwieckich pod patronatem NMP Matki Ko\u015bcio\u0142a oraz \u015bw. Jana Paw\u0142a\u00a0 II. \u00a0\u00a0\u00a0 Wielk\u0105 zas\u0142ug\u0105 w tworzeniu struktur Apostolatu ma kardyna\u0142\u00a0 Stanis\u0142aw Dziwisz.\u00a0\u00a0\u00a0\u00a0\u00a0\u00a0\u00a0\u00a0\u00a0\u00a0\u00a0\u00a0\u00a0\u00a0\u00a0\u00a0\u00a0\u00a0\u00a0\u00a0\u00a0\u00a0\u00a0\u00a0\u00a0\u00a0\u00a0\u00a0\u00a0\u00a0\u00a0\u00a0\u00a0\u00a0\u00a0\u00a0\u00a0\u00a0\u00a0\u00a0\u00a0\u00a0 Powstanie\u00a0 Apostolatu modlitwy\u00a0 za\u00a0 Kap\u0142an\u00f3w \u00a0\u201eMargaretka\u2019\u2019\u00a0 jest odpowiedzi\u0105 na znaki czasu, jest odczytaniem natchnie\u0144\u00a0 Ducha\u00a0 \u015awi\u0119tego we wsp\u00f3\u0142czesnym\u00a0 Ko\u015bciele -jest wspania\u0142ym Bo\u017cym\u00a0 Darem. Zaanga\u017cowanie w Apostolat \u2013 Ruchu Margaretka\u00a0 znalaz\u0142o odniesienie w naszej Wsp\u00f3lnocie Parafialnej, w par. \u015aw. Floriana w Pleszewie.\u00a0\u00a0\u00a0 Apostolat modlitwy zaistnia\u0142 27 kwietnia 2014 r. dzi\u0119ki wielkiej zas\u0142udze i zaanga\u017cowaniu parafianek \u015bp. Janiny Jasi\u0144skiej i p.Barbary Maciejewskiej.\u00a0\u00a0\u00a0 Obecnie jest 15 grup modlitewnych za Ksi\u0119\u017cy pracuj\u0105cych w parafii , i za tych kt\u00f3rzy odeszli do innych parafii w diecezji.\u00a0\u00a0\u00a0 Opiekunem w Diecezji Kaliskiej Apostolatu \u201eMargaretka\u201d jest ks. dr \u0141ukasz Pondel, kt\u00f3rego r\u00f3wnie\u017c otaczamy wsp\u00f3lnotow\u0105 modlitw\u0105. \u00a0 W odpowiedzi na zaproszenie Jezusa &#8222;\u017cniwo \u00a0wprawdzie \u00a0wielkie ale robotnik\u00f3w ma\u0142o.\u00a0 Pro\u015bcie Pana \u017cniwa, \u017ceby wyprosi\u0142 robotnik\u00f3w na swoje \u017cniwo &#8222;.\u00a0\u00a0\u00a0\u00a0\u00a0\u00a0 Z tej racji w ka\u017cdy ostatni czwartek miesi\u0105ca sprawowana jest Msza \u015bw. w ko\u015bciele Matki Boskiej Cz\u0119stochowskiej pod przewodnictwem ks. kan. Krzysztofa Guzia\u0142ka \u00a0proboszcza \u00a0par. \u015aw. Floriana w intencji ksi\u0119\u017cy obj\u0119tych modlitw\u0105 Apostolatu \u00a0Margaretka .\u00a0 Niech B\u00f3g pobudza i otwiera serca wiernych do dalszego w\u0142\u0105czania si\u0119 w rozw\u00f3j tego Apostolatu otaczaj\u0105cego modlitw\u0105 \u00a0\u00a0kap\u0142an\u00f3w pracuj\u0105cych w winnicy Pa\u0144skiej.<\/p>\n<p>Stefania Kardas<\/p>\n<p>&nbsp;<\/p>\n<p>&nbsp;<\/p>\n<p>&nbsp;<\/p>\n<p>&nbsp;<\/p>\n<p>&nbsp;<\/p>\n","protected":false},"excerpt":{"rendered":"<p>Apostolat\u00a0 Margaretka\u00a0\u00a0 Parafia \u015aw. Florian Pleszew \u201ePowiedz moim drogim Kap\u0142anom, moim drogim synom, \u017ce musz\u0105 mocniej uwierzy\u0107 ! Musz\u0105 chroni\u0107 wiar\u0119\u00a0\u00a0 Ko\u015bcio\u0142a\u201e. \u00a0\u00a0\u00a0\u00a0\u00a0\u00a0\u00a0\u00a0\u00a0\u00a0 \u201ePowiedz moim Kap\u0142anom , aby ka\u017cdego dnia modlili si\u0119 na r\u00f3\u017ca\u0144cu&#8221;. \u00a0\u00a0To s\u0142owa Matki Bo\u017cej Kr\u00f3lowej Pokoju, kt\u00f3re skierowa\u0142a do O. Jozo\u00a0 Zovko (by\u0142ego proboszcza par. Medziugorje &#8211; Bo\u015bnia i Hercegowina). O.<a class=\"moretag\" href=\"https:\/\/florian-pleszew.pl\/?page_id=912\"><span class=\"screen-reader-text\">Wi\u0119cej oWsp\u00f3lnota modlitwy za kap\u0142an\u00f3w &#8211; Apostolat  Margaretka<\/span>[&#8230;]<\/a><\/p>\n","protected":false},"author":1,"featured_media":0,"parent":82,"menu_order":0,"comment_status":"closed","ping_status":"closed","template":"","meta":{"footnotes":""},"class_list":["post-912","page","type-page","status-publish","hentry"],"_links":{"self":[{"href":"https:\/\/florian-pleszew.pl\/index.php?rest_route=\/wp\/v2\/pages\/912","targetHints":{"allow":["GET"]}}],"collection":[{"href":"https:\/\/florian-pleszew.pl\/index.php?rest_route=\/wp\/v2\/pages"}],"about":[{"href":"https:\/\/florian-pleszew.pl\/index.php?rest_route=\/wp\/v2\/types\/page"}],"author":[{"embeddable":true,"href":"https:\/\/florian-pleszew.pl\/index.php?rest_route=\/wp\/v2\/users\/1"}],"replies":[{"embeddable":true,"href":"https:\/\/florian-pleszew.pl\/index.php?rest_route=%2Fwp%2Fv2%2Fcomments&post=912"}],"version-history":[{"count":7,"href":"https:\/\/florian-pleszew.pl\/index.php?rest_route=\/wp\/v2\/pages\/912\/revisions"}],"predecessor-version":[{"id":933,"href":"https:\/\/florian-pleszew.pl\/index.php?rest_route=\/wp\/v2\/pages\/912\/revisions\/933"}],"up":[{"embeddable":true,"href":"https:\/\/florian-pleszew.pl\/index.php?rest_route=\/wp\/v2\/pages\/82"}],"wp:attachment":[{"href":"https:\/\/florian-pleszew.pl\/index.php?rest_route=%2Fwp%2Fv2%2Fmedia&parent=912"}],"curies":[{"name":"wp","href":"https:\/\/api.w.org\/{rel}","templated":true}]}}