{"id":706,"date":"2020-01-23T23:25:12","date_gmt":"2020-01-23T22:25:12","guid":{"rendered":"https:\/\/florian-pleszew.pl\/?page_id=706"},"modified":"2020-01-23T23:28:43","modified_gmt":"2020-01-23T22:28:43","slug":"akcja-katolicka-2","status":"publish","type":"page","link":"https:\/\/florian-pleszew.pl\/?page_id=706","title":{"rendered":"Akcja Katolicka"},"content":{"rendered":"<p><strong><u><img loading=\"lazy\" decoding=\"async\" class=\"wp-image-708 alignright\" src=\"https:\/\/florian-pleszew.pl\/wp-content\/uploads\/2020\/01\/logo-akcja-katolicka-250x300.jpg\" alt=\"\" width=\"161\" height=\"193\" srcset=\"https:\/\/florian-pleszew.pl\/wp-content\/uploads\/2020\/01\/logo-akcja-katolicka-250x300.jpg 250w, https:\/\/florian-pleszew.pl\/wp-content\/uploads\/2020\/01\/logo-akcja-katolicka.jpg 403w\" sizes=\"auto, (max-width: 161px) 100vw, 161px\" \/>Akcja Katolicka w Pleszewie<\/u><\/strong><\/p>\n<p><strong><u>\u00a0<\/u><\/strong><\/p>\n<p>Ks. kan. J\u00f3zef Macio\u0142ek w dniu 02.12.1992r., na mocy pisma z Kurii Diecezjalnej powo\u0142a\u0142 Parafialn\u0105 Rad\u0119 Duszpastersko- Synodaln\u0105 przy parafii \u015aw. Floriana w Pleszewie.<\/p>\n<p>W sk\u0142ad rady weszli kap\u0142ani: Ks. kan. J\u00f3zef Macio\u0142ek, ks. Marek Kulawinek oraz przedstawiciele wsp\u00f3lnoty parafialnej w liczbie 12 os\u00f3b.<\/p>\n<p>Dnia 10.03.1993r., odby\u0142o si\u0119 pierwsze spotkanie Rady Duszpastersko- Synodalnej, kt\u00f3remu przewodniczy\u0142 Ks. kan. J\u00f3zef Macio\u0142ek, w kt\u00f3ry powo\u0142ano sekretariat rady w sk\u0142adzie:<br \/>\nprzewodnicz\u0105ca: Teresa Paluszkiewicz<br \/>\nzast\u0119pcy: Jan Kardas i Aleksandra Pera<br \/>\noraz przedstawiono cele i zadania tematyczne pracy jak te\u017c cz\u0119stotliwo\u015b\u0107 spotka\u0144.<\/p>\n<p>W okresie swej dzia\u0142alno\u015bci cz\u0142onkowie\u00a0 Parafialnej Rady duszpastersko- Synodalnej z du\u017cym zaanga\u017cowaniem uczestniczyli w \u017cyciu ewangelizacyjnym parafii, jak te\u017c w przygotowaniu wielu uroczysto\u015bci \u015bwi\u0105tecznych i religijnych w parafii, np.:<\/p>\n<p>&#8211; uroczysto\u015bci odpustowe<br \/>\n&#8211; nawiedzenie \u015bw. J\u00f3zefa w kopii Cudownego obrazu Kaliskiego<br \/>\n&#8211; zbi\u00f3rka dla ko\u015bcio\u0142a w potrzebie na Wschodzie lub dla Misji.<br \/>\n&#8211; uroczysto\u015bci Katolickiego Stowarzyszenia M\u0142odzie\u017cy<br \/>\n&#8211; uczestnictwo cz\u0142onk\u00f3w AK w inauguracji Akcji Katolickiej w Diecezji Kaliskiej, czy innych uroczysto\u015bciach diecezjalnych.<br \/>\n&#8211; spotkanie z Darem Serca w Domu Dziecka.<br \/>\n&#8211; pomoc osobom potrzebuj\u0105cym w parafii.<\/p>\n<p>W Diecezji Kaliskiej Ks. bp Stanis\u0142aw Napiera\u0142a w dniu 31.12.1995r.\u00a0 w uroczysto\u015b\u0107 \u015aw. Rodziny powo\u0142a\u0142 do \u017cycia kanonicznego Akcj\u0119 Katolick\u0105 z dekretem ustanowienia jej patrona \u015bw. J\u00f3zefa Ma\u0142\u017conka Maryi Dziewicy.<\/p>\n<p>A w dniu 19.11.1997r., na strukturach by\u0142ej Parafialnej Rady Duszpastersko- Synodalnej ks. kan. J\u00f3zef Macio\u0142ek powo\u0142a\u0142 Akcj\u0119 Katolick\u0105 w parafii.<\/p>\n<p>Prezesem\u00a0 zostaje: Zbigniew Komorski<br \/>\nZast\u0119pca: Teresa Paluszkiewicz<br \/>\nSkarbnik: Zofia M\u0105drzak<\/p>\n<p>Akcja Katolicka jest stowarzyszeniem katolik\u00f3w \u015bwieckich, kt\u00f3rzy w zorganizowanej formie bardziej bezpo\u015brednio z hierarchi\u0105 ko\u015bcieln\u0105 w realizacji og\u00f3lnego celu apostolskiego ko\u015bcio\u0142a.<\/p>\n<p>Cz\u0142onkami AK jako stowarzyszenie religijne aktywnie uczestniczy w przygotowaniu wszelkich uroczysto\u015bci ko\u015bcielnych, patriotycznych czy charytatywnych parafii.<\/p>\n<p>Wa\u017cne i zasadne miejsce\u00a0 w dzia\u0142aniach AK jest troska o rozw\u00f3j duchowy , intelektualny i prospo\u0142eczny cz\u0142onk\u00f3w przez:<\/p>\n<p>&#8211; uczestniczenie w Eucharystii<br \/>\n&#8211; adoracje Naj\u015bwi\u0119tszego Sakramentu<br \/>\n&#8211; spotkania modlitewne- R\u00f3\u017caniec, Droga Krzy\u017cowa<br \/>\n&#8211; konkursy recytatorskie i rysunkowe<br \/>\n-udzia\u0142 w rekolekcjach, sympozjach diecezjalnych i parafialnych<br \/>\n-udzia\u0142 w pielgrzymkach Akcji Katolickiej- Tursko, P\u00f3lko, itp.<br \/>\n&#8211; spotkania okazjonalne: op\u0142atek, festyny, marsze dla \u017cycia i rodziny, Orszak Trzech Kr\u00f3li<br \/>\n&#8211; udzia\u0142 w uroczysto\u015bciach rocznicowych w Diecezji.<\/p>\n<p>Od marca 2014r., pod przewodnictwem ks. kan. Tadeusza Pietrzaka prezesem Akcji Parafialnej by\u0142 Andrzej Krajewski.<\/p>\n<p>Cz\u0142onkowie AK spotykaj\u0105 si\u0119 regularnie \u00a0co miesi\u0105c pod przewodnictwem opiekuna ks. kan. Krzysztofa Guzia\u0142ka\u00a0 i p. Prezes Danut\u0119 Szyszka (od 20 listopada 2017r.)<\/p>\n<p>Ka\u017cde spotkanie formacyjne jest poprzedzone uczestnictwem w Eucharystii. Podczas spotka\u0144 omawiane s\u0105 wybrane fragmenty Pisma \u015aw., , modlitwa formacyjna AK z rozwa\u017caniami oraz dyskusja o bie\u017c\u0105cych problemach z \u017cycia parafii, spraw spo\u0142eczno- kulturowych czy politycznych naszej Ojczyzny.<\/p>\n<p>&nbsp;<\/p>\n","protected":false},"excerpt":{"rendered":"<p>Akcja Katolicka w Pleszewie \u00a0 Ks. kan. J\u00f3zef Macio\u0142ek w dniu 02.12.1992r., na mocy pisma z Kurii Diecezjalnej powo\u0142a\u0142 Parafialn\u0105 Rad\u0119 Duszpastersko- Synodaln\u0105 przy parafii \u015aw. Floriana w Pleszewie. W sk\u0142ad rady weszli kap\u0142ani: Ks. kan. J\u00f3zef Macio\u0142ek, ks. Marek Kulawinek oraz przedstawiciele wsp\u00f3lnoty parafialnej w liczbie 12 os\u00f3b. Dnia 10.03.1993r., odby\u0142o si\u0119 pierwsze spotkanie<a class=\"moretag\" href=\"https:\/\/florian-pleszew.pl\/?page_id=706\"><span class=\"screen-reader-text\">Wi\u0119cej oAkcja Katolicka<\/span>[&#8230;]<\/a><\/p>\n","protected":false},"author":1,"featured_media":0,"parent":82,"menu_order":0,"comment_status":"closed","ping_status":"closed","template":"","meta":{"footnotes":""},"class_list":["post-706","page","type-page","status-publish","hentry"],"_links":{"self":[{"href":"https:\/\/florian-pleszew.pl\/index.php?rest_route=\/wp\/v2\/pages\/706","targetHints":{"allow":["GET"]}}],"collection":[{"href":"https:\/\/florian-pleszew.pl\/index.php?rest_route=\/wp\/v2\/pages"}],"about":[{"href":"https:\/\/florian-pleszew.pl\/index.php?rest_route=\/wp\/v2\/types\/page"}],"author":[{"embeddable":true,"href":"https:\/\/florian-pleszew.pl\/index.php?rest_route=\/wp\/v2\/users\/1"}],"replies":[{"embeddable":true,"href":"https:\/\/florian-pleszew.pl\/index.php?rest_route=%2Fwp%2Fv2%2Fcomments&post=706"}],"version-history":[{"count":2,"href":"https:\/\/florian-pleszew.pl\/index.php?rest_route=\/wp\/v2\/pages\/706\/revisions"}],"predecessor-version":[{"id":709,"href":"https:\/\/florian-pleszew.pl\/index.php?rest_route=\/wp\/v2\/pages\/706\/revisions\/709"}],"up":[{"embeddable":true,"href":"https:\/\/florian-pleszew.pl\/index.php?rest_route=\/wp\/v2\/pages\/82"}],"wp:attachment":[{"href":"https:\/\/florian-pleszew.pl\/index.php?rest_route=%2Fwp%2Fv2%2Fmedia&parent=706"}],"curies":[{"name":"wp","href":"https:\/\/api.w.org\/{rel}","templated":true}]}}

<p><strong><u><img loading="lazy" decoding="async" class="wp-image-708 alignright" src="https://florian-pleszew.pl/wp-content/uploads/2020/01/logo-akcja-katolicka-250x300.jpg" alt="" width="161" height="193" srcset="https://florian-pleszew.pl/wp-content/uploads/2020/01/logo-akcja-katolicka-250x300.jpg 250w, https://florian-pleszew.pl/wp-content/uploads/2020/01/logo-akcja-katolicka.jpg 403w" sizes="auto, (max-width: 161px) 100vw, 161px" />Akcja Katolicka w Pleszewie</u></strong></p>
<p><strong><u> </u></strong></p>
<p>Ks. kan. Józef Maciołek w dniu 02.12.1992r., na mocy pisma z Kurii Diecezjalnej powołał Parafialną Radę Duszpastersko- Synodalną przy parafii Św. Floriana w Pleszewie.</p>
<p>W skład rady weszli kapłani: Ks. kan. Józef Maciołek, ks. Marek Kulawinek oraz przedstawiciele wspólnoty parafialnej w liczbie 12 osób.</p>
<p>Dnia 10.03.1993r., odbyło się pierwsze spotkanie Rady Duszpastersko- Synodalnej, któremu przewodniczył Ks. kan. Józef Maciołek, w który powołano sekretariat rady w składzie:<br />
przewodnicząca: Teresa Paluszkiewicz<br />
zastępcy: Jan Kardas i Aleksandra Pera<br />
oraz przedstawiono cele i zadania tematyczne pracy jak też częstotliwość spotkań.</p>
<p>W okresie swej działalności członkowie  Parafialnej Rady duszpastersko- Synodalnej z dużym zaangażowaniem uczestniczyli w życiu ewangelizacyjnym parafii, jak też w przygotowaniu wielu uroczystości świątecznych i religijnych w parafii, np.:</p>
<p>&#8211; uroczystości odpustowe<br />
&#8211; nawiedzenie św. Józefa w kopii Cudownego obrazu Kaliskiego<br />
&#8211; zbiórka dla kościoła w potrzebie na Wschodzie lub dla Misji.<br />
&#8211; uroczystości Katolickiego Stowarzyszenia Młodzieży<br />
&#8211; uczestnictwo członków AK w inauguracji Akcji Katolickiej w Diecezji Kaliskiej, czy innych uroczystościach diecezjalnych.<br />
&#8211; spotkanie z Darem Serca w Domu Dziecka.<br />
&#8211; pomoc osobom potrzebującym w parafii.</p>
<p>W Diecezji Kaliskiej Ks. bp Stanisław Napierała w dniu 31.12.1995r.  w uroczystość Św. Rodziny powołał do życia kanonicznego Akcję Katolicką z dekretem ustanowienia jej patrona św. Józefa Małżonka Maryi Dziewicy.</p>
<p>A w dniu 19.11.1997r., na strukturach byłej Parafialnej Rady Duszpastersko- Synodalnej ks. kan. Józef Maciołek powołał Akcję Katolicką w parafii.</p>
<p>Prezesem  zostaje: Zbigniew Komorski<br />
Zastępca: Teresa Paluszkiewicz<br />
Skarbnik: Zofia Mądrzak</p>
<p>Akcja Katolicka jest stowarzyszeniem katolików świeckich, którzy w zorganizowanej formie bardziej bezpośrednio z hierarchią kościelną w realizacji ogólnego celu apostolskiego kościoła.</p>
<p>Członkami AK jako stowarzyszenie religijne aktywnie uczestniczy w przygotowaniu wszelkich uroczystości kościelnych, patriotycznych czy charytatywnych parafii.</p>
<p>Ważne i zasadne miejsce  w działaniach AK jest troska o rozwój duchowy , intelektualny i prospołeczny członków przez:</p>
<p>&#8211; uczestniczenie w Eucharystii<br />
&#8211; adoracje Najświętszego Sakramentu<br />
&#8211; spotkania modlitewne- Różaniec, Droga Krzyżowa<br />
&#8211; konkursy recytatorskie i rysunkowe<br />
-udział w rekolekcjach, sympozjach diecezjalnych i parafialnych<br />
-udział w pielgrzymkach Akcji Katolickiej- Tursko, Pólko, itp.<br />
&#8211; spotkania okazjonalne: opłatek, festyny, marsze dla życia i rodziny, Orszak Trzech Króli<br />
&#8211; udział w uroczystościach rocznicowych w Diecezji.</p>
<p>Od marca 2014r., pod przewodnictwem ks. kan. Tadeusza Pietrzaka prezesem Akcji Parafialnej był Andrzej Krajewski.</p>
<p>Członkowie AK spotykają się regularnie  co miesiąc pod przewodnictwem opiekuna ks. kan. Krzysztofa Guziałka  i p. Prezes Danutę Szyszka (od 20 listopada 2017r.)</p>
<p>Każde spotkanie formacyjne jest poprzedzone uczestnictwem w Eucharystii. Podczas spotkań omawiane są wybrane fragmenty Pisma Św., , modlitwa formacyjna AK z rozważaniami oraz dyskusja o bieżących problemach z życia parafii, spraw społeczno- kulturowych czy politycznych naszej Ojczyzny.</p>
<p>&nbsp;</p>

<p>Akcja Katolicka w Pleszewie   Ks. kan. Józef Maciołek w dniu 02.12.1992r., na mocy pisma z Kurii Diecezjalnej powołał Parafialną Radę Duszpastersko- Synodalną przy parafii Św. Floriana w Pleszewie. W skład rady weszli kapłani: Ks. kan. Józef Maciołek, ks. Marek Kulawinek oraz przedstawiciele wspólnoty parafialnej w liczbie 12 osób. Dnia 10.03.1993r., odbyło się pierwsze spotkanie<a class="moretag" href="https://florian-pleszew.pl/?page_id=706"><span class="screen-reader-text">Więcej oAkcja Katolicka</span>[&#8230;]</a></p>
