{"id":380,"date":"2019-02-25T10:45:34","date_gmt":"2019-02-25T09:45:34","guid":{"rendered":"https:\/\/florian-pleszew.pl\/?page_id=380"},"modified":"2019-02-25T10:45:34","modified_gmt":"2019-02-25T09:45:34","slug":"krag-biblijny","status":"publish","type":"page","link":"https:\/\/florian-pleszew.pl\/?page_id=380","title":{"rendered":"Kr\u0105g biblijny"},"content":{"rendered":"\n<p>Tworzymy wsp\u00f3lnot\u0119, kt\u00f3ra spotyka si\u0119 w ka\u017cdy poniedzia\u0142ek o godzinie 19.00 w salce parafialnej. Celem i tre\u015bci\u0105 naszych spotka\u0144 jest modlitwa S\u0142owem Bo\u017cym metod\u0105 <em>Lectio<\/em> <em>divina<\/em>. Wsp\u00f3lnota ma charakter m\u0142odzie\u017cowy, dlatego jej cz\u0142onkowie, to przewa\u017cnie uczniowie klas. 8., 3. gimnazjum i szko\u0142y \u015bredniej.<\/p>\n\n\n\n<ul class=\"wp-block-gallery columns-1 is-cropped wp-block-gallery-1 is-layout-flex wp-block-gallery-is-layout-flex\"><li class=\"blocks-gallery-item\"><figure><img loading=\"lazy\" decoding=\"async\" width=\"670\" height=\"398\" src=\"https:\/\/florian-pleszew.pl\/wp-content\/uploads\/2019\/02\/530655_LHYE_358840_wr15s02_03_biblia_83.jpg\" alt=\"\" data-id=\"381\" data-link=\"https:\/\/florian-pleszew.pl\/?attachment_id=381\" class=\"wp-image-381\" srcset=\"https:\/\/florian-pleszew.pl\/wp-content\/uploads\/2019\/02\/530655_LHYE_358840_wr15s02_03_biblia_83.jpg 670w, https:\/\/florian-pleszew.pl\/wp-content\/uploads\/2019\/02\/530655_LHYE_358840_wr15s02_03_biblia_83-300x178.jpg 300w\" sizes=\"auto, (max-width: 670px) 100vw, 670px\" \/><\/figure><\/li><\/ul>\n\n\n\n<p>Drogi Bracie, Droga Siostro! Je\u015bli masz w sercu pragnienie modlitwy S\u0142owem Bo\u017cym &#8211; po prostu przyjd\u017a! Tutaj b\u0119d\u0105 czeka\u0107 na Ciebie Twoi r\u00f3wie\u015bnicy, kt\u00f3rzy ch\u0119tnie podziel\u0105 si.\u0119 z Tob\u0105 swoim do\u015bwiadczenbiem Boga.<\/p>\n\n\n\n<p style=\"text-align:center\">ZAPRASZAMY!<\/p>\n\n\n\n<p>Opiekunem Wsp\u00f3lnoty jest ks. diakon Wojciech Kucharzak.<br><\/p>\n","protected":false},"excerpt":{"rendered":"<p>Tworzymy wsp\u00f3lnot\u0119, kt\u00f3ra spotyka si\u0119 w ka\u017cdy poniedzia\u0142ek o godzinie 19.00 w salce parafialnej. Celem i tre\u015bci\u0105 naszych spotka\u0144 jest modlitwa S\u0142owem Bo\u017cym metod\u0105 Lectio divina. Wsp\u00f3lnota ma charakter m\u0142odzie\u017cowy, dlatego jej cz\u0142onkowie, to przewa\u017cnie uczniowie klas. 8., 3. gimnazjum i szko\u0142y \u015bredniej. Drogi Bracie, Droga Siostro! Je\u015bli masz w sercu pragnienie modlitwy S\u0142owem Bo\u017cym<a class=\"moretag\" href=\"https:\/\/florian-pleszew.pl\/?page_id=380\"><span class=\"screen-reader-text\">Wi\u0119cej oKr\u0105g biblijny<\/span>[&#8230;]<\/a><\/p>\n","protected":false},"author":2,"featured_media":0,"parent":0,"menu_order":0,"comment_status":"closed","ping_status":"closed","template":"","meta":{"footnotes":""},"class_list":["post-380","page","type-page","status-publish","hentry"],"_links":{"self":[{"href":"https:\/\/florian-pleszew.pl\/index.php?rest_route=\/wp\/v2\/pages\/380","targetHints":{"allow":["GET"]}}],"collection":[{"href":"https:\/\/florian-pleszew.pl\/index.php?rest_route=\/wp\/v2\/pages"}],"about":[{"href":"https:\/\/florian-pleszew.pl\/index.php?rest_route=\/wp\/v2\/types\/page"}],"author":[{"embeddable":true,"href":"https:\/\/florian-pleszew.pl\/index.php?rest_route=\/wp\/v2\/users\/2"}],"replies":[{"embeddable":true,"href":"https:\/\/florian-pleszew.pl\/index.php?rest_route=%2Fwp%2Fv2%2Fcomments&post=380"}],"version-history":[{"count":1,"href":"https:\/\/florian-pleszew.pl\/index.php?rest_route=\/wp\/v2\/pages\/380\/revisions"}],"predecessor-version":[{"id":382,"href":"https:\/\/florian-pleszew.pl\/index.php?rest_route=\/wp\/v2\/pages\/380\/revisions\/382"}],"wp:attachment":[{"href":"https:\/\/florian-pleszew.pl\/index.php?rest_route=%2Fwp%2Fv2%2Fmedia&parent=380"}],"curies":[{"name":"wp","href":"https:\/\/api.w.org\/{rel}","templated":true}]}}

Krąg biblijny

<p>Tworzymy wspólnotę, która spotyka się w każdy poniedziałek o godzinie 19.00 w salce parafialnej. Celem i treścią naszych spotkań jest modlitwa Słowem Bożym metodą <em>Lectio</em> <em>divina</em>. Wspólnota ma charakter młodzieżowy, dlatego jej członkowie, to przeważnie uczniowie klas. 8., 3. gimnazjum i szkoły średniej.</p>



<ul class="wp-block-gallery columns-1 is-cropped wp-block-gallery-1 is-layout-flex wp-block-gallery-is-layout-flex"><li class="blocks-gallery-item"><figure><img loading="lazy" decoding="async" width="670" height="398" src="https://florian-pleszew.pl/wp-content/uploads/2019/02/530655_LHYE_358840_wr15s02_03_biblia_83.jpg" alt="" data-id="381" data-link="https://florian-pleszew.pl/?attachment_id=381" class="wp-image-381" srcset="https://florian-pleszew.pl/wp-content/uploads/2019/02/530655_LHYE_358840_wr15s02_03_biblia_83.jpg 670w, https://florian-pleszew.pl/wp-content/uploads/2019/02/530655_LHYE_358840_wr15s02_03_biblia_83-300x178.jpg 300w" sizes="auto, (max-width: 670px) 100vw, 670px" /></figure></li></ul>



<p>Drogi Bracie, Droga Siostro! Jeśli masz w sercu pragnienie modlitwy Słowem Bożym &#8211; po prostu przyjdź! Tutaj będą czekać na Ciebie Twoi rówieśnicy, którzy chętnie podzielą si.ę z Tobą swoim doświadczenbiem Boga.</p>



<p style="text-align:center">ZAPRASZAMY!</p>



<p>Opiekunem Wspólnoty jest ks. diakon Wojciech Kucharzak.<br></p>

<p>Tworzymy wspólnotę, która spotyka się w każdy poniedziałek o godzinie 19.00 w salce parafialnej. Celem i treścią naszych spotkań jest modlitwa Słowem Bożym metodą Lectio divina. Wspólnota ma charakter młodzieżowy, dlatego jej członkowie, to przeważnie uczniowie klas. 8., 3. gimnazjum i szkoły średniej. Drogi Bracie, Droga Siostro! Jeśli masz w sercu pragnienie modlitwy Słowem Bożym<a class="moretag" href="https://florian-pleszew.pl/?page_id=380"><span class="screen-reader-text">Więcej oKrąg biblijny</span>[&#8230;]</a></p>
