{"id":279,"date":"2018-10-29T15:07:41","date_gmt":"2018-10-29T14:07:41","guid":{"rendered":"https:\/\/florian-pleszew.pl\/?page_id=279"},"modified":"2018-10-30T11:32:04","modified_gmt":"2018-10-30T10:32:04","slug":"mali-rycerze-milosiernego-serca-jezusowego","status":"publish","type":"page","link":"https:\/\/florian-pleszew.pl\/?page_id=279","title":{"rendered":"Mali Rycerze Mi\u0142osiernego Serca Jezusowego"},"content":{"rendered":"<p style=\"text-align: center;\"><strong>SPOTKANIE KO\u0141A LEGIONU MA\u0141YCH RYCERZY<\/strong><\/p>\n<p style=\"text-align: center;\"><strong>MI\u0141OSIERNEGO SERCA JEZUSOWEGO<\/strong><\/p>\n<p style=\"text-align: center;\"><strong>Z KS. KANONIKIEM KRZYSZTOFEM GUZIA\u0141KIEM<\/strong><\/p>\n<p>Dzie\u0142o Ma\u0142ych Rycerzy Mi\u0142osiernego Serca Jezusowego jest dzie\u0142em Ducha \u015aw. potrzebnym w dzisiejszych czasach. Jest to \u015bwieckie rami\u0119 wspieraj\u0105ce Ko\u015bci\u00f3\u0142, b\u0119d\u0105ce do dyspozycji duszpasterzy w duchu ca\u0142kowitego pos\u0142usze\u0144stwa hierarchii. Za\u0142o\u017cycielk\u0105 wsp\u00f3lnoty jest Zofia Grochowska &#8211; wybranym narz\u0119dziem Jezusa Mi\u0142osiernego, kierowana przez Ksi\u0119\u017cy Salezjan\u00f3w w Tolkmicku, a nast\u0119pnie przez Jezuit\u00f3w w Kaliszu. Legion Ma\u0142ych Rycerzy MSJ istnieje od 1990 roku. Jest w trakcie zatwierdzania przez Ko\u015bci\u00f3\u0142. W kwietniu 1998 roku by\u0142o zatwierdzone prze Biskupa Jana Bernarda Szlag\u0119 w Pelplinie. Dwa lata temu JE Ksi\u0105dz Arcybiskup Andrzej Dzi\u0119ga zatwierdzi\u0142 zgromadzenie na 3 lata w swojej diecezji szczeci\u0144sko &#8211; kamie\u0144skiej. Nasze ko\u0142o powsta\u0142o w 2009 roku. Celem Legionu jest wynagradzanie za grzechy Polak\u00f3w i ca\u0142ego\u00a0 \u015bwiata oraz wypraszanie Bo\u017cego Mi\u0142osierdzia dla ca\u0142ej ludzko\u015bci. Krajowym Kapelanem Legionu jest Ojciec Aleksander Jacyniak, jezuita. Statut jest zaakceptowany. Mamy sw\u00f3j Zarz\u0105d, sztandar, dyplomiki, znaczki &#8211; LOGO Legionu, kwartalniki: np. &#8222;G\u0142os Ma\u0142ego Rycerza&#8221;.<\/p>\n<p>Nasza dzia\u0142alno\u015b\u0107:<\/p>\n<p>a) <em>W kaplicy szpitalnej\u00a0<\/em>&#8211; raz w miesi\u0105cu Msza \u015awi\u0119ta oraz adroracja godzinna po Mszy \u015aw. i ka\u017cdego 17-tego dnia miesi\u0105ca odmawiamy 7 koronek do Mi\u0142osierdzia Bo\u017cego z intencjami podanymi przez Zofi\u0119 Grochowsk\u0105.<\/p>\n<p>b)\u00a0<em>W ko\u015bciele parafialnym pw. Matki Bo\u017cej Cz\u0119stochowskiej<\/em> &#8211; w ka\u017cdy I pi\u0105tek miesi\u0105ca sprawowana jest Msza \u015awi\u0119ta za Ma\u0142ych Rycerzy \u017cyj\u0105cych i zmar\u0142ych oraz adoracja przed Msz\u0105 \u015aw. z Koronkami Bo\u017cego Mi\u0142osierdzia &#8211; Komunia \u015aw. wynagradzaj\u0105ca Naj\u015bw. Sercu Pana Jezusa.<\/p>\n<p><strong><em>Uczestniczymy w spotkaniach modlitewno-formacyjnych Legiony Rycerzy Mi\u0142osiernego Serca Jezusowego:<\/em><\/strong><\/p>\n<p>a)\u00a0<em>Kwiecie\u0144 &#8211;\u00a0<\/em>w pielgrzymce zawierzenia Legionu Kr\u00f3lowej Polski na Jasnej G\u00f3rze z nocn\u0105 adoracj\u0105.<\/p>\n<p>b)\u00a0<em>Sierpie\u0144 &#8211;<\/em> w Kaliszu, w Ko\u015bciele pw. Naj\u015bw. Serca Jezusowego ( u Ojc\u00f3w Jezuit\u00f3w ), obecnie w Niepokalanowie w trzecim dniu TRIDUUM z zawierzeniem Bogu Ojcu Ma\u0142ych Rycerzy z nocn\u0105 adoracj\u0105.<\/p>\n<p>c)\u00a0<em>Pa\u017adziernik &#8211;\u00a0<\/em>obecnie\u00a0<em>Listopad<\/em> w zawierzeniu Legionu Kr\u00f3lowi Mi\u0142osierdzia w \u0141agiewnikach z nocn\u0105 adoracj\u0105.<\/p>\n<p><strong><em>Cz\u0142onkowie grupy uczestnicz\u0105:<\/em><\/strong><\/p>\n<p>Podj\u0119li\u015bmy Adoracj\u0119 Nocn\u0105 w Rodzinie, wed\u0142ug o. Matteo<\/p>\n<p>a) ka\u017cdego 16 &#8211; tego dnia w miesi\u0105cu od godz. 21.00 do 6.00.<\/p>\n<p><em><strong>Uczestniczymy w Krucjacie Wieczystych Adoracji wynagradzaj\u0105cych Naj\u015bw. Sercu Jezusa i Maryi za grzechy Polski i Polak\u00f3w ka\u017cdego 26-tego dnia miesi\u0105ca (po 1 godzinie).<\/strong><\/em><\/p>\n<p>&nbsp;<\/p>\n<p><em><strong>Podj\u0119li\u015bmy inicjatyw\u0119 ku czci\u00a0 Boga Ojca:<\/strong><\/em><\/p>\n<ul>\n<li>\u00a0codziennie odmawiamy Koronk\u0119 do Mi\u0142osierdzia Bo\u017cego<\/li>\n<li>odmawiamy Nowenn\u0119 Pompeja\u0144sk\u0105<\/li>\n<li>Apostolat Dobrej \u015amierci<\/li>\n<li>w \u017bywym R\u00f3\u017ca\u0144cu<\/li>\n<li>w R\u00f3\u017ca\u0144cu dla dzieci<\/li>\n<li>w R\u00f3\u017ca\u0144cu bez granic<\/li>\n<li>w Koronkach na ulicach miast<\/li>\n<li>Post o chlebie i wodzie<\/li>\n<li>w codziennym uczestnictwie we Mszy \u015awi\u0119tej<\/li>\n<li>w Rekolekcjach<\/li>\n<li>W spotkaniach Margaretkowych w WSD w Kaliszu<\/li>\n<li>spe\u0142niamy pro\u015bmy, tych, kt\u00f3rzy prosz\u0105 o modlitw\u0119.<\/li>\n<\/ul>\n<p style=\"text-align: center;\"><em><strong>Sprawozdanie z zebrania Ko\u0142a Legionu Ma\u0142ych Rycerzy Mi\u0142osiernego Serca Jezusowego w Pleszewie<\/strong><\/em><\/p>\n<p>Porz\u0105dek zebrania:<\/p>\n<ol>\n<li>Spotkanie z ks. proboszczem &#8211; Opiekunem Ko\u0142a.<\/li>\n<li>Om\u00f3wienie dzia\u0142alno\u015bci ko\u0142a.<\/li>\n<li>Wyb\u00f3r zarz\u0105du.<\/li>\n<li>Dzielenie si\u0119 \u015bwiadectwami.<\/li>\n<li>Zako\u0144czenie.<\/li>\n<\/ol>\n<p>W dniu 18 lutego 2016 roku odby\u0142o si\u0119 zebranie Ko\u0142a Legionu Ma\u0142ych Rycerzy Mi\u0142osiernego Serca Jezusowego z udzia\u0142em \u00f3wczesnego Proboszcza &#8211; Ksi\u0119dza Kanonika Tadeusza Pietrzaka. W nawi\u0105zaniu do charakteru spotkania, Ksi\u0105dz Proboszcz udzieli\u0142 g\u0142osu animatorce &#8211; Pani Barbarze Maciejewskiej, kt\u00f3ra przedstawi\u0142a informacje dotycz\u0105ce dzia\u0142alno\u015bci grupy i z\u0142o\u017cy\u0142a serdeczne podzi\u0119kowanie za akceptacj\u0119 Ma\u0142ych Rycerzy oraz za opiek\u0119 nad grup\u0105 od 2012 roku. Podzi\u0119kowa\u0142a tak\u017ce za opiek\u0119 poprzedniemu kapelanowi szpitala &#8211; ks. Marcinowi Za\u0142\u0119\u017cnemu oraz kap\u0142anom, kt\u00f3rzy sprawuj\u0105 Msz\u0119 \u015awi\u0119t\u0105 w intencjach Ma\u0142ych Rycerzy i w I Pi\u0105tki Miesi\u0105ca, ks. Mateuszowi Seteckiemu, ks. Dawidowi Wulbachowi, ks. Witoldowi Dolnemu i ks. Mateuszowi Klaczy\u0144skiemu. Animatorka nawi\u0105za\u0142a do powstania wsp\u00f3lnoty\u00a0 w 2009 roku oraz aktualnej liczby cz\u0142onk\u00f3w (pozosta\u0142o 16 os\u00f3b, do Pana odesz\u0142y 2 osoby). Zaznaczy\u0142a, \u017ce jest to grupa modlitewno-pokutna wynagradzaj\u0105ca Naj\u015bw. Sercu Pana Jezusa i Niepokalanemu Sercu Maryi. Dzia\u0142a w ciszy i obejmuje modlitw\u0105 wszystkie dziedziny \u017cycia: spo\u0142ecznego, moralnego i religijnego. Ukaza\u0142a tak\u017ce uczestnictwo ma\u0142ych Rycerzy w spotkaniach modlitewno-formacyjnych w ci\u0105gu roku pielgrzymuj\u0105c na Jasn\u0105 G\u00f3r\u0119, do Kalisza i do \u0141agiewnik w celu zawierzenia Legionu z nocnym czuwaniem.<\/p>\n<p>&nbsp;<\/p>\n<p><strong>CZ\u0141ONKOWIE LEGIONU:<\/strong><\/p>\n<p>Barbara Maciejewska<\/p>\n<p>Janina Bugzel<\/p>\n<p>Maria Jenerowicz<\/p>\n<p>R\u00f3\u017ca Kubasik<\/p>\n<p>Krystyna Lubecka<\/p>\n<p>Anna Pawlak<\/p>\n<p>J\u00f3zefa Szulczy\u0144ska<\/p>\n<p>Krystyna Cholewa<\/p>\n<p>Anna Fabisiak<\/p>\n<p>Irena Nowak<\/p>\n<p>El\u017cbieta Markiewicz<\/p>\n<p>El\u017cbieta Lenarczyk z Jankowa<\/p>\n<p>Irena Karo\u0144 z Turska<\/p>\n<p>Janina Gaw\u0142owska z Kowalewa<\/p>\n<p>Barbara Ka\u0142u\u017cna z Bronowa<\/p>\n<p>Halina Ka\u017amierczak<\/p>\n<p>Wies\u0142awa Starczewska z Bronowa<\/p>\n<p>Gra\u017cyna Grygiel.<\/p>\n<p>&nbsp;<\/p>\n","protected":false},"excerpt":{"rendered":"<p>SPOTKANIE KO\u0141A LEGIONU MA\u0141YCH RYCERZY MI\u0141OSIERNEGO SERCA JEZUSOWEGO Z KS. KANONIKIEM KRZYSZTOFEM GUZIA\u0141KIEM Dzie\u0142o Ma\u0142ych Rycerzy Mi\u0142osiernego Serca Jezusowego jest dzie\u0142em Ducha \u015aw. potrzebnym w dzisiejszych czasach. Jest to \u015bwieckie rami\u0119 wspieraj\u0105ce Ko\u015bci\u00f3\u0142, b\u0119d\u0105ce do dyspozycji duszpasterzy w duchu ca\u0142kowitego pos\u0142usze\u0144stwa hierarchii. Za\u0142o\u017cycielk\u0105 wsp\u00f3lnoty jest Zofia Grochowska &#8211; wybranym narz\u0119dziem Jezusa Mi\u0142osiernego, kierowana przez Ksi\u0119\u017cy<a class=\"moretag\" href=\"https:\/\/florian-pleszew.pl\/?page_id=279\"><span class=\"screen-reader-text\">Wi\u0119cej oMali Rycerze Mi\u0142osiernego Serca Jezusowego<\/span>[&#8230;]<\/a><\/p>\n","protected":false},"author":1,"featured_media":0,"parent":82,"menu_order":0,"comment_status":"closed","ping_status":"closed","template":"","meta":{"footnotes":""},"class_list":["post-279","page","type-page","status-publish","hentry"],"_links":{"self":[{"href":"https:\/\/florian-pleszew.pl\/index.php?rest_route=\/wp\/v2\/pages\/279","targetHints":{"allow":["GET"]}}],"collection":[{"href":"https:\/\/florian-pleszew.pl\/index.php?rest_route=\/wp\/v2\/pages"}],"about":[{"href":"https:\/\/florian-pleszew.pl\/index.php?rest_route=\/wp\/v2\/types\/page"}],"author":[{"embeddable":true,"href":"https:\/\/florian-pleszew.pl\/index.php?rest_route=\/wp\/v2\/users\/1"}],"replies":[{"embeddable":true,"href":"https:\/\/florian-pleszew.pl\/index.php?rest_route=%2Fwp%2Fv2%2Fcomments&post=279"}],"version-history":[{"count":6,"href":"https:\/\/florian-pleszew.pl\/index.php?rest_route=\/wp\/v2\/pages\/279\/revisions"}],"predecessor-version":[{"id":294,"href":"https:\/\/florian-pleszew.pl\/index.php?rest_route=\/wp\/v2\/pages\/279\/revisions\/294"}],"up":[{"embeddable":true,"href":"https:\/\/florian-pleszew.pl\/index.php?rest_route=\/wp\/v2\/pages\/82"}],"wp:attachment":[{"href":"https:\/\/florian-pleszew.pl\/index.php?rest_route=%2Fwp%2Fv2%2Fmedia&parent=279"}],"curies":[{"name":"wp","href":"https:\/\/api.w.org\/{rel}","templated":true}]}}

Mali Rycerze Miłosiernego Serca Jezusowego

<p style="text-align: center;"><strong>SPOTKANIE KOŁA LEGIONU MAŁYCH RYCERZY</strong></p>
<p style="text-align: center;"><strong>MIŁOSIERNEGO SERCA JEZUSOWEGO</strong></p>
<p style="text-align: center;"><strong>Z KS. KANONIKIEM KRZYSZTOFEM GUZIAŁKIEM</strong></p>
<p>Dzieło Małych Rycerzy Miłosiernego Serca Jezusowego jest dziełem Ducha Św. potrzebnym w dzisiejszych czasach. Jest to świeckie ramię wspierające Kościół, będące do dyspozycji duszpasterzy w duchu całkowitego posłuszeństwa hierarchii. Założycielką wspólnoty jest Zofia Grochowska &#8211; wybranym narzędziem Jezusa Miłosiernego, kierowana przez Księży Salezjanów w Tolkmicku, a następnie przez Jezuitów w Kaliszu. Legion Małych Rycerzy MSJ istnieje od 1990 roku. Jest w trakcie zatwierdzania przez Kościół. W kwietniu 1998 roku było zatwierdzone prze Biskupa Jana Bernarda Szlagę w Pelplinie. Dwa lata temu JE Ksiądz Arcybiskup Andrzej Dzięga zatwierdził zgromadzenie na 3 lata w swojej diecezji szczecińsko &#8211; kamieńskiej. Nasze koło powstało w 2009 roku. Celem Legionu jest wynagradzanie za grzechy Polaków i całego  świata oraz wypraszanie Bożego Miłosierdzia dla całej ludzkości. Krajowym Kapelanem Legionu jest Ojciec Aleksander Jacyniak, jezuita. Statut jest zaakceptowany. Mamy swój Zarząd, sztandar, dyplomiki, znaczki &#8211; LOGO Legionu, kwartalniki: np. &#8222;Głos Małego Rycerza&#8221;.</p>
<p>Nasza działalność:</p>
<p>a) <em>W kaplicy szpitalnej </em>&#8211; raz w miesiącu Msza Święta oraz adroracja godzinna po Mszy Św. i każdego 17-tego dnia miesiąca odmawiamy 7 koronek do Miłosierdzia Bożego z intencjami podanymi przez Zofię Grochowską.</p>
<p>b) <em>W kościele parafialnym pw. Matki Bożej Częstochowskiej</em> &#8211; w każdy I piątek miesiąca sprawowana jest Msza Święta za Małych Rycerzy żyjących i zmarłych oraz adoracja przed Mszą Św. z Koronkami Bożego Miłosierdzia &#8211; Komunia Św. wynagradzająca Najśw. Sercu Pana Jezusa.</p>
<p><strong><em>Uczestniczymy w spotkaniach modlitewno-formacyjnych Legiony Rycerzy Miłosiernego Serca Jezusowego:</em></strong></p>
<p>a) <em>Kwiecień &#8211; </em>w pielgrzymce zawierzenia Legionu Królowej Polski na Jasnej Górze z nocną adoracją.</p>
<p>b) <em>Sierpień &#8211;</em> w Kaliszu, w Kościele pw. Najśw. Serca Jezusowego ( u Ojców Jezuitów ), obecnie w Niepokalanowie w trzecim dniu TRIDUUM z zawierzeniem Bogu Ojcu Małych Rycerzy z nocną adoracją.</p>
<p>c) <em>Październik &#8211; </em>obecnie <em>Listopad</em> w zawierzeniu Legionu Królowi Miłosierdzia w Łagiewnikach z nocną adoracją.</p>
<p><strong><em>Członkowie grupy uczestniczą:</em></strong></p>
<p>Podjęliśmy Adorację Nocną w Rodzinie, według o. Matteo</p>
<p>a) każdego 16 &#8211; tego dnia w miesiącu od godz. 21.00 do 6.00.</p>
<p><em><strong>Uczestniczymy w Krucjacie Wieczystych Adoracji wynagradzających Najśw. Sercu Jezusa i Maryi za grzechy Polski i Polaków każdego 26-tego dnia miesiąca (po 1 godzinie).</strong></em></p>
<p>&nbsp;</p>
<p><em><strong>Podjęliśmy inicjatywę ku czci  Boga Ojca:</strong></em></p>
<ul>
<li> codziennie odmawiamy Koronkę do Miłosierdzia Bożego</li>
<li>odmawiamy Nowennę Pompejańską</li>
<li>Apostolat Dobrej Śmierci</li>
<li>w Żywym Różańcu</li>
<li>w Różańcu dla dzieci</li>
<li>w Różańcu bez granic</li>
<li>w Koronkach na ulicach miast</li>
<li>Post o chlebie i wodzie</li>
<li>w codziennym uczestnictwie we Mszy Świętej</li>
<li>w Rekolekcjach</li>
<li>W spotkaniach Margaretkowych w WSD w Kaliszu</li>
<li>spełniamy prośmy, tych, którzy proszą o modlitwę.</li>
</ul>
<p style="text-align: center;"><em><strong>Sprawozdanie z zebrania Koła Legionu Małych Rycerzy Miłosiernego Serca Jezusowego w Pleszewie</strong></em></p>
<p>Porządek zebrania:</p>
<ol>
<li>Spotkanie z ks. proboszczem &#8211; Opiekunem Koła.</li>
<li>Omówienie działalności koła.</li>
<li>Wybór zarządu.</li>
<li>Dzielenie się świadectwami.</li>
<li>Zakończenie.</li>
</ol>
<p>W dniu 18 lutego 2016 roku odbyło się zebranie Koła Legionu Małych Rycerzy Miłosiernego Serca Jezusowego z udziałem ówczesnego Proboszcza &#8211; Księdza Kanonika Tadeusza Pietrzaka. W nawiązaniu do charakteru spotkania, Ksiądz Proboszcz udzielił głosu animatorce &#8211; Pani Barbarze Maciejewskiej, która przedstawiła informacje dotyczące działalności grupy i złożyła serdeczne podziękowanie za akceptację Małych Rycerzy oraz za opiekę nad grupą od 2012 roku. Podziękowała także za opiekę poprzedniemu kapelanowi szpitala &#8211; ks. Marcinowi Załężnemu oraz kapłanom, którzy sprawują Mszę Świętą w intencjach Małych Rycerzy i w I Piątki Miesiąca, ks. Mateuszowi Seteckiemu, ks. Dawidowi Wulbachowi, ks. Witoldowi Dolnemu i ks. Mateuszowi Klaczyńskiemu. Animatorka nawiązała do powstania wspólnoty  w 2009 roku oraz aktualnej liczby członków (pozostało 16 osób, do Pana odeszły 2 osoby). Zaznaczyła, że jest to grupa modlitewno-pokutna wynagradzająca Najśw. Sercu Pana Jezusa i Niepokalanemu Sercu Maryi. Działa w ciszy i obejmuje modlitwą wszystkie dziedziny życia: społecznego, moralnego i religijnego. Ukazała także uczestnictwo małych Rycerzy w spotkaniach modlitewno-formacyjnych w ciągu roku pielgrzymując na Jasną Górę, do Kalisza i do Łagiewnik w celu zawierzenia Legionu z nocnym czuwaniem.</p>
<p>&nbsp;</p>
<p><strong>CZŁONKOWIE LEGIONU:</strong></p>
<p>Barbara Maciejewska</p>
<p>Janina Bugzel</p>
<p>Maria Jenerowicz</p>
<p>Róża Kubasik</p>
<p>Krystyna Lubecka</p>
<p>Anna Pawlak</p>
<p>Józefa Szulczyńska</p>
<p>Krystyna Cholewa</p>
<p>Anna Fabisiak</p>
<p>Irena Nowak</p>
<p>Elżbieta Markiewicz</p>
<p>Elżbieta Lenarczyk z Jankowa</p>
<p>Irena Karoń z Turska</p>
<p>Janina Gawłowska z Kowalewa</p>
<p>Barbara Kałużna z Bronowa</p>
<p>Halina Kaźmierczak</p>
<p>Wiesława Starczewska z Bronowa</p>
<p>Grażyna Grygiel.</p>
<p>&nbsp;</p>

<p>SPOTKANIE KOŁA LEGIONU MAŁYCH RYCERZY MIŁOSIERNEGO SERCA JEZUSOWEGO Z KS. KANONIKIEM KRZYSZTOFEM GUZIAŁKIEM Dzieło Małych Rycerzy Miłosiernego Serca Jezusowego jest dziełem Ducha Św. potrzebnym w dzisiejszych czasach. Jest to świeckie ramię wspierające Kościół, będące do dyspozycji duszpasterzy w duchu całkowitego posłuszeństwa hierarchii. Założycielką wspólnoty jest Zofia Grochowska &#8211; wybranym narzędziem Jezusa Miłosiernego, kierowana przez Księży<a class="moretag" href="https://florian-pleszew.pl/?page_id=279"><span class="screen-reader-text">Więcej oMali Rycerze Miłosiernego Serca Jezusowego</span>[&#8230;]</a></p>
