{"id":1701,"date":"2025-07-18T22:30:00","date_gmt":"2025-07-18T20:30:00","guid":{"rendered":"https:\/\/florian-pleszew.pl\/?page_id=1701"},"modified":"2025-07-23T12:12:36","modified_gmt":"2025-07-23T10:12:36","slug":"wspolnota-zywego-rozanca","status":"publish","type":"page","link":"https:\/\/florian-pleszew.pl\/?page_id=1701","title":{"rendered":"Wsp\u00f3lnota \u017bywego R\u00f3\u017ca\u0144ca"},"content":{"rendered":"<p><strong><img loading=\"lazy\" decoding=\"async\" class=\"wp-image-1702 alignleft\" src=\"https:\/\/florian-pleszew.pl\/wp-content\/uploads\/2025\/07\/rozaniec-292x300.jpg\" alt=\"\" width=\"192\" height=\"197\" srcset=\"https:\/\/florian-pleszew.pl\/wp-content\/uploads\/2025\/07\/rozaniec-292x300.jpg 292w, https:\/\/florian-pleszew.pl\/wp-content\/uploads\/2025\/07\/rozaniec.jpg 511w\" sizes=\"auto, (max-width: 192px) 100vw, 192px\" \/><\/strong><\/p>\n<p>&nbsp;<\/p>\n<p>&nbsp;<\/p>\n<p><strong>Wsp\u00f3lnota \u017bywego R\u00f3\u017ca\u0144ca<\/strong> to grupa modlitewna w Ko\u015bciele katolickim, w kt\u00f3rej cz\u0142onkowie zobowi\u0105zuj\u0105 si\u0119 do codziennego odmawiania jednej dziesi\u0105tki r\u00f3\u017ca\u0144ca oraz rozwa\u017cania jednej z tajemnic r\u00f3\u017ca\u0144cowych. Wsp\u00f3lnota ta jest podzielona na mniejsze grupy zwane &#8222;r\u00f3\u017cami&#8221;, z kt\u00f3rych ka\u017cda liczy 20 os\u00f3b. Celem \u017bywego R\u00f3\u017ca\u0144ca jest wspieranie modlitw\u0105 dzia\u0142alno\u015bci duszpasterskiej Ko\u015bcio\u0142a oraz wypraszanie potrzebnych \u0142ask dla niego i jego cz\u0142onk\u00f3w.<\/p>\n<p>&nbsp;<\/p>\n<p><strong>Kluczowe cechy \u017bywego R\u00f3\u017ca\u0144ca:<\/strong><\/p>\n<p><em>Codzienna modlitwa:<\/em><br \/>\nCz\u0142onkowie zobowi\u0105zuj\u0105 si\u0119 do odmawiania jednej dziesi\u0105tki r\u00f3\u017ca\u0144ca ka\u017cdego dnia.<\/p>\n<p><em>Tajemnice r\u00f3\u017ca\u0144cowe:<\/em><br \/>\nKa\u017cdy cz\u0142onek rozwa\u017ca okre\u015blon\u0105 tajemnic\u0119 r\u00f3\u017ca\u0144cow\u0105, a w jednej r\u00f3\u017cy odmawiane s\u0105 wszystkie tajemnice r\u00f3\u017ca\u0144ca w ci\u0105gu dnia.<\/p>\n<p><em>Intencje modlitewne:<\/em><br \/>\nCz\u0142onkowie modl\u0105 si\u0119 w tych samych, zmienianych co miesi\u0105c intencjach.<\/p>\n<p><em>Struktura:<\/em><br \/>\nWsp\u00f3lnota jest podzielona na r\u00f3\u017ce r\u00f3\u017ca\u0144cowe, kt\u00f3rymi kieruj\u0105 zelatorzy.<\/p>\n<p><em>Spotkania:<\/em><br \/>\nSpotkania \u017bywego R\u00f3\u017ca\u0144ca odbywaj\u0105 si\u0119 zazwyczaj raz w miesi\u0105cu, w celu wymiany tajemnic r\u00f3\u017ca\u0144cowych i integracji.<\/p>\n<p><em>Duchowo\u015b\u0107:<\/em><br \/>\nWsp\u00f3lnota ma na celu pog\u0142\u0119bienie \u017cycia duchowego cz\u0142onk\u00f3w oraz wsparcie Ko\u015bcio\u0142a w jego dzia\u0142aniach.<\/p>\n<p>&nbsp;<\/p>\n<p><strong>Historia:<\/strong><br \/>\n\u017bywy R\u00f3\u017caniec zosta\u0142 za\u0142o\u017cony w 1826 roku przez b\u0142ogos\u0142awion\u0105 Paulin\u0119 Jaricot w Lyonie, a zatwierdzony przez papie\u017ca Grzegorza XVI. Od tego czasu sta\u0142 si\u0119 popularn\u0105 form\u0105 modlitwy i apostolstwa w Ko\u015bciele.<\/p>\n<p>&nbsp;<\/p>\n<p><strong>Rola w parafii:<\/strong><br \/>\n\u017bywy R\u00f3\u017caniec odgrywa wa\u017cn\u0105 rol\u0119 w \u017cyciu parafialnym, stanowi\u0105c zaplecze modlitewne dla r\u00f3\u017cnych inicjatyw duszpasterskich. Cz\u0142onkowie \u017bywego R\u00f3\u017ca\u0144ca modl\u0105 si\u0119 w intencjach parafii, Ko\u015bcio\u0142a powszechnego, a tak\u017ce za swoich bliskich i inne potrzebuj\u0105ce osoby.<\/p>\n<p>&nbsp;<\/p>\n<p><strong>W naszej parafii s\u0105 nast\u0119puj\u0105ce R\u00f3\u017ce \u017bywego R\u00f3\u017ca\u0144ca:<\/strong><\/p>\n<p>R\u00f3\u017ca nr 1 im. Marii Maksymiliana Kolbego &#8211; Zelatorka Anna Michalik<\/p>\n<p>R\u00f3\u017ca nr 2 im. Matki Bo\u017cej Ostrobramkiej &#8211; Zelatorka Danuta Kruszewska<\/p>\n<p>R\u00f3\u017ca nr 3 im. Mi\u0142osierdzia Bo\u017cego &#8211; Zelatorka Anna Fabisiak<\/p>\n<p>R\u00f3\u017ca nr 4 im. Siostry Faustyny Kowalskiej &#8211; Zelatorka Urszula Smyk<\/p>\n<p>R\u00f3\u017ca nr 5 im. Matki Bo\u017cej R\u00f3\u017ca\u0144cowej &#8211; Zelatorka Stefania Kardas<\/p>\n<p>R\u00f3\u017ca nr 6 im. \u015awi\u0119tej Barbary &#8211; Zelatorka Regina Bernacka<\/p>\n<p>R\u00f3\u017ca nr 7 im. \u015awi\u0119ty Jana z Dukli &#8211; Zelatorka Franciszka Cierniak<\/p>\n<p>R\u00f3\u017ca nr 8 im. Matki Boskiej &#8211; Wspomo\u017cenie Wiernych &#8211; Zelatorka Irena Kranz<\/p>\n<p>R\u00f3\u017ca nr 9 im. \u015awi\u0119tego Floriana &#8211; Zelatorka Krystyna Lubecka<\/p>\n<p>R\u00f3\u017ca nr 10 im. Matki Bo\u017cej Nieustaj\u0105cej Pomocy &#8211; Zelatorka Anna Fabisiak<\/p>\n<p><strong>Przewodnicz\u0105ca Wsp\u00f3lnoty \u017bywego R\u00f3\u017ca\u0144ca &#8211; Franciszka Cierniak, telefon kontaktowy &#8211; 605 056 108<\/strong><\/p>\n","protected":false},"excerpt":{"rendered":"<p>&nbsp; &nbsp; Wsp\u00f3lnota \u017bywego R\u00f3\u017ca\u0144ca to grupa modlitewna w Ko\u015bciele katolickim, w kt\u00f3rej cz\u0142onkowie zobowi\u0105zuj\u0105 si\u0119 do codziennego odmawiania jednej dziesi\u0105tki r\u00f3\u017ca\u0144ca oraz rozwa\u017cania jednej z tajemnic r\u00f3\u017ca\u0144cowych. Wsp\u00f3lnota ta jest podzielona na mniejsze grupy zwane &#8222;r\u00f3\u017cami&#8221;, z kt\u00f3rych ka\u017cda liczy 20 os\u00f3b. Celem \u017bywego R\u00f3\u017ca\u0144ca jest wspieranie modlitw\u0105 dzia\u0142alno\u015bci duszpasterskiej Ko\u015bcio\u0142a oraz wypraszanie potrzebnych<a class=\"moretag\" href=\"https:\/\/florian-pleszew.pl\/?page_id=1701\"><span class=\"screen-reader-text\">Wi\u0119cej oWsp\u00f3lnota \u017bywego R\u00f3\u017ca\u0144ca<\/span>[&#8230;]<\/a><\/p>\n","protected":false},"author":1,"featured_media":0,"parent":108,"menu_order":5,"comment_status":"closed","ping_status":"closed","template":"","meta":{"footnotes":""},"class_list":["post-1701","page","type-page","status-publish","hentry"],"_links":{"self":[{"href":"https:\/\/florian-pleszew.pl\/index.php?rest_route=\/wp\/v2\/pages\/1701","targetHints":{"allow":["GET"]}}],"collection":[{"href":"https:\/\/florian-pleszew.pl\/index.php?rest_route=\/wp\/v2\/pages"}],"about":[{"href":"https:\/\/florian-pleszew.pl\/index.php?rest_route=\/wp\/v2\/types\/page"}],"author":[{"embeddable":true,"href":"https:\/\/florian-pleszew.pl\/index.php?rest_route=\/wp\/v2\/users\/1"}],"replies":[{"embeddable":true,"href":"https:\/\/florian-pleszew.pl\/index.php?rest_route=%2Fwp%2Fv2%2Fcomments&post=1701"}],"version-history":[{"count":2,"href":"https:\/\/florian-pleszew.pl\/index.php?rest_route=\/wp\/v2\/pages\/1701\/revisions"}],"predecessor-version":[{"id":1704,"href":"https:\/\/florian-pleszew.pl\/index.php?rest_route=\/wp\/v2\/pages\/1701\/revisions\/1704"}],"up":[{"embeddable":true,"href":"https:\/\/florian-pleszew.pl\/index.php?rest_route=\/wp\/v2\/pages\/108"}],"wp:attachment":[{"href":"https:\/\/florian-pleszew.pl\/index.php?rest_route=%2Fwp%2Fv2%2Fmedia&parent=1701"}],"curies":[{"name":"wp","href":"https:\/\/api.w.org\/{rel}","templated":true}]}}