{"id":167,"date":"2018-08-02T09:05:09","date_gmt":"2018-08-02T07:05:09","guid":{"rendered":"http:\/\/florian-pleszew.pl\/?page_id=167"},"modified":"2018-08-02T09:56:14","modified_gmt":"2018-08-02T07:56:14","slug":"ministraci-i-lektorzy","status":"publish","type":"page","link":"https:\/\/florian-pleszew.pl\/?page_id=167","title":{"rendered":"Ministraci i Lektorzy"},"content":{"rendered":"<p><img loading=\"lazy\" decoding=\"async\" class=\"size-full wp-image-193 alignleft\" src=\"http:\/\/florian-pleszew.pl\/wp-content\/uploads\/2018\/08\/Acolytes.png\" alt=\"\" width=\"80\" height=\"108\" \/>S\u0142owo\u00a0<u>ministrant<\/u>\u00a0pochodzi od \u0142aci\u0144skiego s\u0142owa\u00a0<u>&#8222;ministrare&#8221;<\/u>, co oznacza\u00a0<u>s\u0142u\u017cy\u0107\u00a0<\/u>&#8211; wskazuje szczeg\u00f3lnie na s\u0142u\u017cb\u0119 we Mszy \u015awi\u0119tej. Ministrantem jest osoba, kt\u00f3ra dobrowolnie i bezinteresownie oddaje si\u0119 s\u0142u\u017cbie Panu Bogu i Wsp\u00f3lnocie Parafialnej przez przyczynianie si\u0119 do tego, aby liturgia by\u0142a pi\u0119kna i w\u0142a\u015bciwie prze\u017cywana.<\/p>\n<p>&nbsp;<\/p>\n<p>Obowi\u0105zkiem ministranta jest: udzia\u0142 w niedzielnej Mszy \u015awi\u0119tej, udzia\u0142 raz w tygodniu w dzie\u0144 powszedni na Mszy \u015awi\u0119tej, udzia\u0142 w zebraniu ministrant\u00f3w.<\/p>\n<p>&nbsp;<\/p>\n<p>-Ministrant jest pomocnikiem przy sprawowaniu Mszy \u015awi\u0119tej i podczas innych nabo\u017ce\u0144stw liturgicznych.<\/p>\n<p>-Ministrant us\u0142uguje ksi\u0119dzu, gdy przygotowywany jest o\u0142tarz i dary ofiarne.<\/p>\n<p>-Ministrant jest tym, kt\u00f3ry niesie znaki. Ministrant niesie pewne okre\u015blone przedmioty, kt\u00f3re dla liturgii s\u0105 niezb\u0119dne. S\u0105 to przedmioty, kt\u00f3re dla liturgii maj\u0105 szczeg\u00f3lne znaczenie.<\/p>\n<p>-Ministrant powinien sam by\u0107 znakiem. Ministrant przez s\u0142u\u017cenie wskazuje, \u017ce ka\u017cde nabo\u017ce\u0144stwo jest nie tylko spraw\u0105 kap\u0142ana, lecz wszystkich wiernych. &#8222;Uczestniczy\u0107 w liturgii&#8221; to znaczy tak\u017ce wsp\u00f3\u0142tworzy\u0107 j\u0105, czynnie si\u0119 w niej anga\u017cuj\u0105c.<\/p>\n<p>&nbsp;<\/p>\n<p>Lektor \u2013 ministrant S\u0142owa Bo\u017cego \u2013 osoba po specjalnym kursie; proklamuje S\u0142owo Bo\u017ce (czytania z wyj\u0105tkiem Ewangelii) oraz odczytuje wezwania Modlitwy Powszechnej; mo\u017ce odczyta\u0107 lub za\u015bpiewa\u0107 psalm.<\/p>\n<p>&nbsp;<\/p>\n<p><strong>DEKALOG MINISTRANTA:<\/strong><\/p>\n<p>&nbsp;<\/p>\n<p>1.Kocha Boga i dla Jego chwa\u0142y wzorowo spe\u0142nia swoje obowi\u0105zki.<\/p>\n<p>2.S\u0142u\u017cy Chrystusowi Panu w ludziach.<\/p>\n<p>3.Rozwija w sobie \u017bycie Bo\u017ce.<\/p>\n<p>4.Pracuje nad swoim charakterem i czuwa nad czysto\u015bci\u0105 serca i duszy.<\/p>\n<p>5.Poznaje liturgi\u0119 i \u017cyje ni\u0105.<\/p>\n<p>6.Modli si\u0119 za Ojczyzn\u0119 i s\u0142u\u017cy Jej rzeteln\u0105 prac\u0105.<\/p>\n<p>7.Jest dobrym synem, bratem i koleg\u0105.<\/p>\n<p>8.Swoj\u0105 chrze\u015bcija\u0144sk\u0105 postaw\u0105 wnosi wsz\u0119dzie prawdziw\u0105 rado\u015b\u0107.<\/p>\n<p>9.Przez swoj\u0105 pilno\u015b\u0107 i sumienno\u015b\u0107 staje si\u0119 dobrym przyk\u0142adem dla innych.<\/p>\n<p>10.Podobnie jak kap\u0142an stara si\u0119 na\u015bladowa\u0107 Chrystusa.<\/p>\n<p>&nbsp;<\/p>\n<p><strong>Zapraszamy do s\u0142u\u017cenia przy o\u0142tarzu nowych kandydat\u00f3w na ministrant\u00f3w.\u00a0<\/strong><\/p>\n<p>&nbsp;<\/p>\n","protected":false},"excerpt":{"rendered":"<p>S\u0142owo\u00a0ministrant\u00a0pochodzi od \u0142aci\u0144skiego s\u0142owa\u00a0&#8222;ministrare&#8221;, co oznacza\u00a0s\u0142u\u017cy\u0107\u00a0&#8211; wskazuje szczeg\u00f3lnie na s\u0142u\u017cb\u0119 we Mszy \u015awi\u0119tej. Ministrantem jest osoba, kt\u00f3ra dobrowolnie i bezinteresownie oddaje si\u0119 s\u0142u\u017cbie Panu Bogu i Wsp\u00f3lnocie Parafialnej przez przyczynianie si\u0119 do tego, aby liturgia by\u0142a pi\u0119kna i w\u0142a\u015bciwie prze\u017cywana. &nbsp; Obowi\u0105zkiem ministranta jest: udzia\u0142 w niedzielnej Mszy \u015awi\u0119tej, udzia\u0142 raz w tygodniu w dzie\u0144<a class=\"moretag\" href=\"https:\/\/florian-pleszew.pl\/?page_id=167\"><span class=\"screen-reader-text\">Wi\u0119cej oMinistraci i Lektorzy<\/span>[&#8230;]<\/a><\/p>\n","protected":false},"author":1,"featured_media":0,"parent":82,"menu_order":0,"comment_status":"closed","ping_status":"closed","template":"","meta":{"footnotes":""},"class_list":["post-167","page","type-page","status-publish","hentry"],"_links":{"self":[{"href":"https:\/\/florian-pleszew.pl\/index.php?rest_route=\/wp\/v2\/pages\/167","targetHints":{"allow":["GET"]}}],"collection":[{"href":"https:\/\/florian-pleszew.pl\/index.php?rest_route=\/wp\/v2\/pages"}],"about":[{"href":"https:\/\/florian-pleszew.pl\/index.php?rest_route=\/wp\/v2\/types\/page"}],"author":[{"embeddable":true,"href":"https:\/\/florian-pleszew.pl\/index.php?rest_route=\/wp\/v2\/users\/1"}],"replies":[{"embeddable":true,"href":"https:\/\/florian-pleszew.pl\/index.php?rest_route=%2Fwp%2Fv2%2Fcomments&post=167"}],"version-history":[{"count":3,"href":"https:\/\/florian-pleszew.pl\/index.php?rest_route=\/wp\/v2\/pages\/167\/revisions"}],"predecessor-version":[{"id":194,"href":"https:\/\/florian-pleszew.pl\/index.php?rest_route=\/wp\/v2\/pages\/167\/revisions\/194"}],"up":[{"embeddable":true,"href":"https:\/\/florian-pleszew.pl\/index.php?rest_route=\/wp\/v2\/pages\/82"}],"wp:attachment":[{"href":"https:\/\/florian-pleszew.pl\/index.php?rest_route=%2Fwp%2Fv2%2Fmedia&parent=167"}],"curies":[{"name":"wp","href":"https:\/\/api.w.org\/{rel}","templated":true}]}}

<p><img loading="lazy" decoding="async" class="size-full wp-image-193 alignleft" src="http://florian-pleszew.pl/wp-content/uploads/2018/08/Acolytes.png" alt="" width="80" height="108" />Słowo <u>ministrant</u> pochodzi od łacińskiego słowa <u>&#8222;ministrare&#8221;</u>, co oznacza <u>służyć </u>&#8211; wskazuje szczególnie na służbę we Mszy Świętej. Ministrantem jest osoba, która dobrowolnie i bezinteresownie oddaje się służbie Panu Bogu i Wspólnocie Parafialnej przez przyczynianie się do tego, aby liturgia była piękna i właściwie przeżywana.</p>
<p>&nbsp;</p>
<p>Obowiązkiem ministranta jest: udział w niedzielnej Mszy Świętej, udział raz w tygodniu w dzień powszedni na Mszy Świętej, udział w zebraniu ministrantów.</p>
<p>&nbsp;</p>
<p>-Ministrant jest pomocnikiem przy sprawowaniu Mszy Świętej i podczas innych nabożeństw liturgicznych.</p>
<p>-Ministrant usługuje księdzu, gdy przygotowywany jest ołtarz i dary ofiarne.</p>
<p>-Ministrant jest tym, który niesie znaki. Ministrant niesie pewne określone przedmioty, które dla liturgii są niezbędne. Są to przedmioty, które dla liturgii mają szczególne znaczenie.</p>
<p>-Ministrant powinien sam być znakiem. Ministrant przez służenie wskazuje, że każde nabożeństwo jest nie tylko sprawą kapłana, lecz wszystkich wiernych. &#8222;Uczestniczyć w liturgii&#8221; to znaczy także współtworzyć ją, czynnie się w niej angażując.</p>
<p>&nbsp;</p>
<p>Lektor – ministrant Słowa Bożego – osoba po specjalnym kursie; proklamuje Słowo Boże (czytania z wyjątkiem Ewangelii) oraz odczytuje wezwania Modlitwy Powszechnej; może odczytać lub zaśpiewać psalm.</p>
<p>&nbsp;</p>
<p><strong>DEKALOG MINISTRANTA:</strong></p>
<p>&nbsp;</p>
<p>1.Kocha Boga i dla Jego chwały wzorowo spełnia swoje obowiązki.</p>
<p>2.Służy Chrystusowi Panu w ludziach.</p>
<p>3.Rozwija w sobie Życie Boże.</p>
<p>4.Pracuje nad swoim charakterem i czuwa nad czystością serca i duszy.</p>
<p>5.Poznaje liturgię i żyje nią.</p>
<p>6.Modli się za Ojczyznę i służy Jej rzetelną pracą.</p>
<p>7.Jest dobrym synem, bratem i kolegą.</p>
<p>8.Swoją chrześcijańską postawą wnosi wszędzie prawdziwą radość.</p>
<p>9.Przez swoją pilność i sumienność staje się dobrym przykładem dla innych.</p>
<p>10.Podobnie jak kapłan stara się naśladować Chrystusa.</p>
<p>&nbsp;</p>
<p><strong>Zapraszamy do służenia przy ołtarzu nowych kandydatów na ministrantów. </strong></p>
<p>&nbsp;</p>

<p>Słowo ministrant pochodzi od łacińskiego słowa &#8222;ministrare&#8221;, co oznacza służyć &#8211; wskazuje szczególnie na służbę we Mszy Świętej. Ministrantem jest osoba, która dobrowolnie i bezinteresownie oddaje się służbie Panu Bogu i Wspólnocie Parafialnej przez przyczynianie się do tego, aby liturgia była piękna i właściwie przeżywana. &nbsp; Obowiązkiem ministranta jest: udział w niedzielnej Mszy Świętej, udział raz w tygodniu w dzień<a class="moretag" href="https://florian-pleszew.pl/?page_id=167"><span class="screen-reader-text">Więcej oMinistraci i Lektorzy</span>[&#8230;]</a></p>
